 of x?
3
Suppose -5*l + 2*t + 33 = 0, -7*t + 2*t = -5*l + 45. Let c = l - 2. What is the units digit of c?
3
Let w be 9/7 - (-6)/(-21). Suppose 20 + w = i. What is the units digit of i?
1
Suppose 4*s - c = 492, -2*c = -5*s + 11 + 607. What is the units digit of s?
2
Let s(r) = 7*r**2 - 4*r - 4. Let m be s(4). Suppose 0 = -4*x + m - 16. What is the units digit of x?
9
Let u = -11 + 15. Suppose -2*o - 140 = -5*l + 3*o, -l + 28 = -u*o. What is the tens digit of l?
2
Let k(u) = -u**3 + 4*u**2 + 3*u - 4. Let i(n) = n**2 + 9*n + 12. Let a be i(-8). Let r be k(a). Suppose 5*d - 3*d = r. What is the units digit of d?
4
Suppose x - 3*x = 5*d + 4, 3*x + 6 = 4*d. Suppose 2*o = 6*i - i + 3, -5*o - 5*i + 60 = d. What is the units digit of o?
9
What is the tens digit of 99/(2 - 1) + (-2 - -2)?
9
Let n(c) = -289*c + 3. What is the units digit of n(-1)?
2
Suppose 4*k - 27 = 37. What is the tens digit of k?
1
What is the units digit of -4 + 7 + -4 + 13?
2
Let r(g) = -2*g**3 - 15*g**2 - 6*g + 5. Let a be r(-7). Let t(l) = -4*l - 1. Let v be t(-5). Let x = a + v. What is the units digit of x?
7
Suppose m - 2*m = -8. Let p = m + -3. What is the units digit of p?
5
Suppose -2*i = -5*b + 12 + 7, 4*i = 3*b - 3. Suppose 3*v - 3*n + 19 = -71, 0 = -b*v - 3*n - 110. What is the units digit of (-210)/v - (-3)/5?
9
Let l(f) = -4*f + 21. What is the tens digit of l(0)?
2
What is the tens digit of (-36)/(-4 + 8/4)?
1
Let g(f) = f**2 + 5*f - 7. Let v be g(-7). Let t = v + -1. What is the units digit of t?
6
Let k(y) = -3*y + 38. What is the tens digit of k(-13)?
7
Let o = 5 + 0. Suppose -34 = -2*k + 4*f, -3*k - 2*k + o*f + 90 = 0. What is the units digit of k?
9
Let u(q) = -q + 1. Let h be u(3). Let g be h/8 + 1/4. Let l = 20 - g. What is the tens digit of l?
2
Let l = -4 - 4. Let q(r) be the third derivative of -r**6/120 - 7*r**5/60 + 7*r**4/24 - r**3 + 2*r**2. What is the units digit of q(l)?
2
Let l(c) = c**3 + 10*c**2 - c - 4. Let a be l(-10). Suppose -4*t - 22 = a. Let m = t - -16. What is the units digit of m?
9
Suppose 2*m = 67 - 1. What is the units digit of m?
3
Suppose -50*l - 24 = -53*l. What is the units digit of l?
8
Let s = 31 + 77. What is the hundreds digit of s?
1
Let f be (4/6)/((-2)/(-12)). Suppose 5*a = -f*b - 7, 4*b - 23 = 4*a + a. Suppose b*k + 8 = 3*p, 1 = -p - 5*k - 2. What is the units digit of p?
2
Let l = 60 + 215. What is the tens digit of l?
7
Suppose 0*x + 106 = 3*x + t, -136 = -3*x + 5*t. What is the units digit of x?
7
Let z = -1 + 50. Let q = z + 18. What is the tens digit of q/5 - 12/30?
1
Suppose 0 = -3*j + 5 + 1. Suppose -g = 2*g + j*h - 7, 5*h - 12 = -2*g. What is the tens digit of (96/(-30))/(g/(-5))?
1
Suppose 5*b + 14 = 4*b. What is the units digit of (-273)/b*(-8)/(-6)?
6
Let v(g) = 4*g - 2*g - g**2 + 0*g**3 - 1 + g**3. What is the units digit of v(1)?
1
Let k be 1/(-4) + 15/(-4). Let m = -5 - k. What is the units digit of 10 - (m + (0 - -2))?
9
Suppose -3*w + 6*w = 45. Suppose 0 = c + 6 - w. What is the units digit of c?
9
Suppose -31 = -4*k + 5*k. Let m = k + 46. Let d = -6 + m. What is the units digit of d?
9
Suppose -x = -4*b - 6, 2*b + b = 3*x - 18. Suppose -x*l + 3 + 3 = 0. What is the units digit of l?
1
Let c be 1*-1 - (-8 + 3). Suppose -c*n = t + 16 - 70, -2 = -t. What is the units digit of n?
3
Let t = 205 - 115. What is the tens digit of t?
9
Let v = 49 + -17. Suppose -2*y - 2*y = -v. What is the units digit of y?
8
Let x(o) = o**2 + o + 12. Let m be x(0). Let s = -6 + m. What is the units digit of s?
6
Let t(i) be the first derivative of -1/2*i**2 + 1 + 5*i. What is the units digit of t(4)?
1
Suppose 9 = -p + 4*p. Suppose -p*d + 0*d = -54. Suppose 0*j + 2*j = d. What is the units digit of j?
9
Let k = 19 - 8. Let y(n) = -n**3 + 11*n**2 + n + 4. What is the tens digit of y(k)?
1
Suppose -4*x = -x - 4*n - 24, n + 33 = 3*x. What is the tens digit of x?
1
Let h(i) = i + 44. Let x be h(0). Suppose -3*l - v + x = 0, -2*v = 3*l - 4*v - 38. What is the units digit of l?
4
Suppose -4*j - 2 = 2. Let b = -10 - -15. Let p = j + b. What is the units digit of p?
4
Suppose 5*d - 31 = 4. Suppose -1 = -2*k + d. Suppose 44 + 0 = k*i. What is the units digit of i?
1
Suppose 29 = -2*r + 3. Let g = -9 - r. What is the units digit of g?
4
Let p = -1 - -13. Let a(o) = -o + 2. Let q be a(0). What is the units digit of (q/(-6))/((-4)/p)?
1
Let l(y) = 6*y - 25. Let r(d) = -d + 5. Let q(t) = -2*l(t) - 11*r(t). What is the tens digit of q(-15)?
1
Let u(n) = n. Let i be u(0). Suppose i - 4 = -2*h. What is the units digit of h?
2
Suppose 0 = -3*j - 5*v + 17, -3*j = -j - 2*v - 6. Suppose 5*s = -4*r + 19, -s - r = -j*s + 8. What is the units digit of s?
3
What is the tens digit of (-2)/13 - 1616/(-26)?
6
What is the units digit of -381*(5*(-4)/(-30) - 1)?
7
Let l be (27/(-6) - 0)*4. What is the units digit of l/1*(-6)/12?
9
Let v = 172 - 83. What is the tens digit of v?
8
Let b = 36 - 8. What is the tens digit of b?
2
Suppose 3*s = 137 + 25. What is the units digit of s?
4
Suppose -5*o = -s + 19, 0 = 3*s + s + o - 55. Let u = 30 - s. What is the tens digit of u?
1
Let m = -7 + 11. Suppose 0 = -4*k, -k = -g + m*k. Suppose 5*t = -g + 15. What is the units digit of t?
3
What is the tens digit of 2/(4 - (-1374)/(-345))?
1
Suppose 3 = -3*h - 12, 2*c + 15 = -3*h. Let m(p) = p**2 - p + 2. Let b be m(c). Let v = b + -1. What is the units digit of v?
1
Let t = -4 - -7. Suppose 4*z - 9 = t*y - 1, -3*y + z = -7. What is the units digit of y?
4
What is the units digit of (21/(-9))/((-1)/3)?
7
Let h(y) be the second derivative of 7*y**5/10 - y**2/2 + 2*y. What is the units digit of h(1)?
3
Let v = -11 - -26. Suppose 4*p - 3*p = s - v, -2*s = -3*p - 29. What is the tens digit of s?
1
Let s = 50 - 19. What is the tens digit of s?
3
Let n be 16/6 - 2/3. Let h(c) = -c + 1 - n + 0. What is the units digit of h(-8)?
7
Suppose -2*i = -4*i + 10. Suppose -i*l + 2*l = -96. What is the tens digit of l?
3
Suppose 0 = -4*u + 12, -3*b = -5*u - 11 + 59. Let d = -8 - b. Suppose -5*m + o + 5 = 0, -d*o = -m - 5*o + 1. What is the units digit of m?
1
Let z(k) = -k**2 - 10*k + 4. Let x be z(-10). Suppose 6*m - 18 = -4*g + 4*m, x*g - 4*m = 12. What is the units digit of g?
4
Suppose 6*p - 2*v = p + 2, 3*v = 5*p + 2. What is the units digit of p?
2
Let x(j) = 6*j - 3. Let y be x(4). Suppose 0 = p - 4*p + y. What is the units digit of p?
7
Let p = 87 + -52. Let g = p + -22. What is the tens digit of g?
1
Suppose 10 = 5*j - 0. Suppose 0*n = j*n - 4. What is the units digit of (-1 + -2)/(-6)*n?
1
Suppose -45 - 25 = -5*g. Let j be 4/(-14) + 102/g. Suppose 4*n - j = 37. What is the tens digit of n?
1
Suppose -4*x - 117 = -5*x. What is the units digit of x?
7
Suppose -h + 4*k + 15 = 0, -3*h - 4*k = -h - 18. Suppose -g = -2*g + h. What is the tens digit of g?
1
Let x = -9 - -13. Suppose 19 = b + j, 3*j - x*j = -b + 11. What is the units digit of b?
5
Let j(u) = 5*u - 15. What is the units digit of j(8)?
5
Suppose 0*p = h - 5*p + 6, -2*h = 4*p - 16. What is the units digit of h?
4
Let t = -3 - -7. Let w = 1 + -2. Let k = w + t. What is the units digit of k?
3
Let u(n) = 3*n + 6. Let m be u(7). Suppose 4*h = m - 3. What is the units digit of h?
6
Suppose 13*q = 2*q + 1012. What is the tens digit of q?
9
Let t(z) = 7*z. Let b be t(6). Suppose 33 = 3*h - b. What is the tens digit of h?
2
What is the units digit of ((-1)/3)/((-9)/1053)?
9
Suppose 0 = -l - 2*l + 12. Let x be 4/5*10/l. Suppose 7*p = -5*u + 2*p + 5, -x*u + 32 = -4*p. What is the units digit of u?
6
Let p(t) = 2*t. Let g(r) = -r. Let a(z) = g(z) + p(z). What is the units digit of a(2)?
2
Suppose 0 = -5*o - 4*d + 502, 4*o - d = 3*o + 95. What is the tens digit of o?
9
Let x be (-9)/(-2) + 3/(-6). Let h = -2 + x. Let y(d) = d**3 - 2*d**2 + 4*d - 2. What is the units digit of y(h)?
6
What is the units digit of (0 + -1)/(6/(-186))?
1
Suppose -5*u - 9*u = -2870. What is the tens digit of u?
0
Suppose -5*n = 20, 4*n - 26 = -5*g + 3*n. Let t be g/(5 + -3) + -3. Suppose t = -s + 5 - 4. What is the units digit of s?
1
Let y(w) = w**2 + 12*w + 14. Let j be y(-10). What is the units digit of (-104)/j*12/8?
6
Let u = 149 + 100. What is the hundreds digit of u?
2
Let u = 4 + 0. Suppose l - 1 = -4*p, u*p = -l + 5*p + 1. What is the units digit of